{"id":34,"date":"2022-09-15T09:35:58","date_gmt":"2022-09-15T09:35:58","guid":{"rendered":"http:\/\/axilthemes.com\/themes\/abstrak\/?page_id=34"},"modified":"2023-04-23T10:19:13","modified_gmt":"2023-04-23T10:19:13","slug":"contato","status":"publish","type":"page","link":"https:\/\/ascriativas.com.br\/?page_id=34","title":{"rendered":"Contato"},"content":{"rendered":"\t\t<div data-elementor-type=\"wp-page\" data-elementor-id=\"34\" class=\"elementor elementor-34\">\n\t\t\t\t\t\t\t\t\t<section class=\"elementor-section elementor-top-section elementor-element elementor-element-86164a4 elementor-section-full_width elementor-section-height-default elementor-section-height-default\" data-id=\"86164a4\" data-element_type=\"section\">\n\t\t\t\t\t\t<div class=\"elementor-container elementor-column-gap-no\">\n\t\t\t\t\t<div class=\"elementor-column elementor-col-100 elementor-top-column elementor-element elementor-element-79f1cea\" data-id=\"79f1cea\" data-element_type=\"column\">\n\t\t\t<div class=\"elementor-widget-wrap elementor-element-populated\">\n\t\t\t\t\t\t\t\t<div class=\"elementor-element elementor-element-4227d98 elementor-widget elementor-widget-axil-contact-page\" data-id=\"4227d98\" data-element_type=\"widget\" data-widget_type=\"axil-contact-page.default\">\n\t\t\t\t<div class=\"elementor-widget-container\">\n\t\t\t <div class=\"section section-padding\">\r\n    <div class=\"container\">\r\n        <div class=\"row\">\r\n            <div class=\"col-xl-5 col-lg-6\">\r\n                <div class=\"contact-form-box shadow-box mb--30\">\r\n                                        <h2 \r\n                    class=\"title\">\r\n                    Solicite seu or\u00e7amento hoje.                    <\/h2>\r\n                                        \n<div class=\"wpcf7 no-js\" id=\"wpcf7-f4876-o1\" lang=\"pt-BR\" dir=\"ltr\">\n<div class=\"screen-reader-response\"><p role=\"status\" aria-live=\"polite\" aria-atomic=\"true\"><\/p> <ul><\/ul><\/div>\n<form action=\"\/index.php?rest_route=%2Fwp%2Fv2%2Fpages%2F34#wpcf7-f4876-o1\" method=\"post\" class=\"wpcf7-form init\" aria-label=\"Formul\u00e1rios de contato\" novalidate=\"novalidate\" data-status=\"init\">\n<div style=\"display: none;\">\n<input type=\"hidden\" name=\"_wpcf7\" value=\"4876\" \/>\n<input type=\"hidden\" name=\"_wpcf7_version\" value=\"5.8\" \/>\n<input type=\"hidden\" name=\"_wpcf7_locale\" value=\"pt_BR\" \/>\n<input type=\"hidden\" name=\"_wpcf7_unit_tag\" value=\"wpcf7-f4876-o1\" \/>\n<input type=\"hidden\" name=\"_wpcf7_container_post\" value=\"0\" \/>\n<input type=\"hidden\" name=\"_wpcf7_posted_data_hash\" value=\"\" \/>\n<\/div>\n<p><label> Seu nome<br \/>\n<span class=\"wpcf7-form-control-wrap\" data-name=\"your-name\"><input size=\"40\" class=\"wpcf7-form-control wpcf7-text wpcf7-validates-as-required\" aria-required=\"true\" aria-invalid=\"false\" value=\"\" type=\"text\" name=\"your-name\" \/><\/span> <\/label>\n<\/p>\n<p><label> Seu e-mail<br \/>\n<span class=\"wpcf7-form-control-wrap\" data-name=\"your-email\"><input size=\"40\" class=\"wpcf7-form-control wpcf7-email wpcf7-validates-as-required wpcf7-text wpcf7-validates-as-email\" aria-required=\"true\" aria-invalid=\"false\" value=\"\" type=\"email\" name=\"your-email\" \/><\/span> <\/label>\n<\/p>\n<p><label> Sua mensagem<br \/>\n<span class=\"wpcf7-form-control-wrap\" data-name=\"your-message\"><input size=\"40\" class=\"wpcf7-form-control wpcf7-text\" aria-invalid=\"false\" value=\"\" type=\"text\" name=\"your-message\" \/><\/span> <\/label>\n<\/p>\n<p><input class=\"wpcf7-form-control wpcf7-submit has-spinner\" type=\"submit\" value=\"Enviar\" \/>\n<\/p><div class=\"wpcf7-response-output\" aria-hidden=\"true\"><\/div>\n<\/form>\n<\/div>\n \r\n                <\/div>\r\n            <\/div>\r\n            <div class=\"col-xl-5 col-lg-6 offset-xl-1\">\r\n                <div class=\"contact-info mb--100 mb_md--30 mt_md--0 mt--150\">\r\n                        \r\n                                            <h4 class=\"title\">Whatsapp<\/h4>\r\n                    \r\n                                            <p class=\"subtitle\">Envie uma mensagem e n\u00f3s responderemos o mais r\u00e1pido poss\u00edvel. <br><br>\n\n<b>+55 (21) 96939-3040 (Ana)  <br> +61 0404 734 337 ( Larissa)<\/b><\/p>\r\n                    \r\n                    \r\n                <\/div>\r\n                <div class=\"contact-info mb--30\">\r\n                                            <h4 class=\"title\">Email<\/h4>\r\n                    \r\n                                            <p class=\"subtitle\">Ou fale conosco atrav\u00e9s do nosso correio eletr\u00f4nico. Respostas mais frequentes de seg-sex de 9h \u00e0s 18h (GMT+1).  <br><br>\n\n<b>ana.vas@ascriativas.com.br larissa.chipitelli@ascriativas.com.br <\/b><\/p>\r\n                                      \r\n                     \r\n                <\/div>\r\n            <\/div>\r\n        <\/div>\r\n    <\/div>\r\n            <ul class=\"shape-group-12 list-unstyled\">          \r\n                            <li class=\"shape shape-1\"><img decoding=\"async\" src=\"https:\/\/ascriativas.com.br\/wp-content\/plugins\/axil-elements\/assets\/media\/shape12\/bubble-2.png\" alt=\"\"><\/li>\r\n              \r\n                            <li class=\"shape shape-2\"><img decoding=\"async\" src=\"https:\/\/ascriativas.com.br\/wp-content\/plugins\/axil-elements\/assets\/media\/shape12\/bubble-1.png\" alt=\"\"><\/li>\r\n              \r\n                            <li class=\"shape shape-3\"><img decoding=\"async\" src=\"https:\/\/ascriativas.com.br\/wp-content\/plugins\/axil-elements\/assets\/media\/shape12\/circle-3.png\" alt=\"\"><\/li>\r\n              \r\n        <\/ul> \r\n       \r\n <\/div>\r\n \t\t<\/div>\n\t\t\t\t<\/div>\n\t\t\t\t<div class=\"elementor-element elementor-element-8ebd945 elementor-widget elementor-widget-axil-our-office\" data-id=\"8ebd945\" data-element_type=\"widget\" data-widget_type=\"axil-our-office.default\">\n\t\t\t\t<div class=\"elementor-widget-container\">\n\t\t\t\r\n        <div class=\"section section-padding bg-color-dark overflow-hidden\">\r\n            <div class=\"container\"> \r\n                   \r\n\r\n                    <div class=\"section-heading heading-light-left\">            \r\n                                                    <span class=\"subtitle\">Onde Estamos<\/span>\r\n                         \r\n\r\n                                                                        <h2 class=\"title\">\r\n                                Nossos Trabalhos Pelo Mundo                            <\/h2> \r\n                                     \r\n                                                                <\/div>\r\n                 \r\n\r\n                <div class=\"row\">\r\n                                            <div class=\"col-lg-3 col-md-6 col-sm-6\" data-sal=\"slide-up\" data-sal-duration=\"500\">\r\n                             <div class=\"office-location\">\r\n                                <div class=\"thumbnail\">\r\n                                   <img decoding=\"async\" src=\"https:\/\/ascriativas.com.br\/wp-content\/uploads\/2021\/09\/location-1.png\" title=\"location-1\" alt=\"location-1\" loading=\"lazy\" \/>                                <\/div>\r\n                                <div class=\"content\">\r\n                                    <h4 class=\"title\">Brasil<\/h4>\r\n                                    <p>S\u00e3o Paulo, Rio de Janeiro &amp; Minas Gerais<\/p>\r\n                                <\/div>\r\n                            <\/div> \r\n                        <\/div> \r\n                                            <div class=\"col-lg-3 col-md-6 col-sm-6\" data-sal=\"slide-up\" data-sal-duration=\"500\">\r\n                             <div class=\"office-location\">\r\n                                <div class=\"thumbnail\">\r\n                                   <img decoding=\"async\" src=\"https:\/\/ascriativas.com.br\/wp-content\/uploads\/2021\/09\/location-2.png\" title=\"location-2\" alt=\"location-2\" loading=\"lazy\" \/>                                <\/div>\r\n                                <div class=\"content\">\r\n                                    <h4 class=\"title\">Espanha<\/h4>\r\n                                    <p>Madrid<\/p>\r\n                                <\/div>\r\n                            <\/div> \r\n                        <\/div> \r\n                                            <div class=\"col-lg-3 col-md-6 col-sm-6\" data-sal=\"slide-up\" data-sal-duration=\"500\">\r\n                             <div class=\"office-location\">\r\n                                <div class=\"thumbnail\">\r\n                                   <img decoding=\"async\" src=\"https:\/\/ascriativas.com.br\/wp-content\/uploads\/2021\/09\/location-3.png\" title=\"location-3\" alt=\"location-3\" loading=\"lazy\" \/>                                <\/div>\r\n                                <div class=\"content\">\r\n                                    <h4 class=\"title\">Portugal<\/h4>\r\n                                    <p>Lisboa &amp; Cascais<\/p>\r\n                                <\/div>\r\n                            <\/div> \r\n                        <\/div> \r\n                         \r\n                <\/div>\r\n            <\/div> \r\n                             <ul class=\"shape-group-11 list-unstyled\">\r\n                                 \r\n                        <li class=\"shape shape-1\"><img decoding=\"async\" src=\"https:\/\/ascriativas.com.br\/wp-content\/plugins\/axil-elements\/assets\/media\/shape11\/line-6.png\" alt=\"\"><\/li>\r\n                     \r\n                       \r\n                        <li class=\"shape shape-2\"><img decoding=\"async\" src=\"https:\/\/ascriativas.com.br\/wp-content\/plugins\/axil-elements\/assets\/media\/shape11\/circle-3.png\" alt=\"\"><\/li>\r\n                     \r\n                             \r\n                <\/ul>\r\n                \r\n        <\/div> \r\n        \t\t<\/div>\n\t\t\t\t<\/div>\n\t\t\t\t\t<\/div>\n\t\t<\/div>\n\t\t\t\t\t\t\t<\/div>\n\t\t<\/section>\n\t\t\t\t\t\t\t<\/div>\n\t\t","protected":false},"excerpt":{"rendered":"<p>Solicite seu or\u00e7amento hoje. Seu nome Seu e-mail Sua mensagem Whatsapp Envie uma mensagem e n\u00f3s responderemos o mais r\u00e1pido poss\u00edvel. +55 (21) 96939-3040 (Ana) +61 0404 734 337 ( Larissa) Email Ou fale conosco atrav\u00e9s do nosso correio eletr\u00f4nico. Respostas mais frequentes de seg-sex de 9h \u00e0s 18h (GMT+1). ana.vas@ascriativas.com.br larissa.chipitelli@ascriativas.com.br Onde Estamos Nossos [&hellip;]<\/p>\n","protected":false},"author":1,"featured_media":0,"parent":0,"menu_order":0,"comment_status":"closed","ping_status":"closed","template":"elementor_header_footer","meta":{"footnotes":""},"class_list":["post-34","page","type-page","status-publish","hentry"],"acf":[],"_links":{"self":[{"href":"https:\/\/ascriativas.com.br\/index.php?rest_route=\/wp\/v2\/pages\/34","targetHints":{"allow":["GET"]}}],"collection":[{"href":"https:\/\/ascriativas.com.br\/index.php?rest_route=\/wp\/v2\/pages"}],"about":[{"href":"https:\/\/ascriativas.com.br\/index.php?rest_route=\/wp\/v2\/types\/page"}],"author":[{"embeddable":true,"href":"https:\/\/ascriativas.com.br\/index.php?rest_route=\/wp\/v2\/users\/1"}],"replies":[{"embeddable":true,"href":"https:\/\/ascriativas.com.br\/index.php?rest_route=%2Fwp%2Fv2%2Fcomments&post=34"}],"version-history":[{"count":44,"href":"https:\/\/ascriativas.com.br\/index.php?rest_route=\/wp\/v2\/pages\/34\/revisions"}],"predecessor-version":[{"id":5314,"href":"https:\/\/ascriativas.com.br\/index.php?rest_route=\/wp\/v2\/pages\/34\/revisions\/5314"}],"wp:attachment":[{"href":"https:\/\/ascriativas.com.br\/index.php?rest_route=%2Fwp%2Fv2%2Fmedia&parent=34"}],"curies":[{"name":"wp","href":"https:\/\/api.w.org\/{rel}","templated":true}]}}